))?
7
Evaluate -6 + 6 + 6 - (62 + -49).
-7
10 + (4 - 0 - (-56 - -23)) + -4
43
Evaluate (-1 - 102) + 81 - (-10 + 0).
-12
What is 58 - (12 + (-11 - -3))?
54
-65 - (-27 - (-5 + -19))
-62
What is (-4 - 3) + (98 - (6 + -9 + 11 + -7))?
90
Calculate -100 + 52 + -35 - 22 - 20.
-125
(-27 + -9 - -17) + -28 - -17
-30
Calculate -84 - (11 - 8) - (16 + -29 - -1).
-75
13 + 2 + (3 - 29 - (38 - 4))
-45
What is the value of (-13 - (-16 + -3)) + (16 + -22 - 87)?
-87
Calculate (-747 - -724 - (-1 - 58)) + 34.
70
Calculate (6 - 70) + 20 - -15 - -2.
-27
Calculate -11 + 20 + (3 - (-8 - (9 + -25) - 12)).
16
Calculate 96 + (-1 - -2) - (-11 - (-38 + 18 - -2)).
90
What is the value of 4 + (-28 - 18) - ((1 - -3) + -1)?
-45
What is the value of -90 - (-113 + (127 - 9))?
-95
67 - (62 + -130 + 70)
65
Calculate 72 - 134 - -146 - 41.
43
1 - 0 - -3 - (0 + (-38 - 0) + 1)
41
Evaluate -15 + 0 + (2299 - 2265).
19
(0 - 0) + (-6 - 11) - (-1314 + 1314)
-17
Calculate -7 + (-10 - (33 + -39) - (1 - 24)).
12
Calculate 21 - (4 - 6) - (25 + 8 + -35).
25
What is the value of (12 + 8 - 6) + -33 + -13?
-32
Calculate -3 + 8 + (-9 - (-9 + -2)).
7
What is 60 - (3 - 0) - (21 - -17 - 27)?
46
Calculate (-13 - 41) + 66 - (94 - (0 - 1)).
-83
Evaluate 123 + 140 + -194 - 53.
16
What is -42 - -2 - (-245 - -260)?
-55
What is the value of 3 + 25 + (182 + -173 - (-1 - -12))?
26
75 + 104 + -193 + (-6 - (-2 + 7))
-25
Evaluate -36 + -22 + 30 + 10 + (3 - 6 - -5).
-16
What is the value of 2 + (6 - 2) + 48 + -31 + 33?
56
What is the value of -28 + 21 + (-98 - -78)?
-27
Evaluate 12 + -6 + -18 + -4 + 18.
2
What is (174 - 176) + (43 - 2)?
39
What is the value of (-8 - (14 + -10) - -23) + (-87 - 0)?
-76
What is 25 - ((-85 - -31) + 64 - (-2 + 0))?
13
Calculate -3 + -42 - (3 - 38 - -36).
-46
What is -2 + -11 - (21 + 51 + (20 - 0)) - 0?
-105
What is the value of -6 + (-40 - (12 + -18))?
-40
Calculate (-5 - 55) + 16 + 6.
-38
What is (246 - 256) + 8 + 49 + (-4 - -8)?
51
What is 5 + -15 + 21 + -58 - (-15 - -3)?
-35
-636 - -626 - (-3 + (1 - (21 + -2)) + -1)
12
What is the value of -5 + 13 + -16 + 16 + -68 + -2 + -4?
-66
Evaluate -7 + (-5 - 5 - (-78 + 24)).
37
What is the value of -106 + 2 - ((24 - 15) + -9) - (1 + -15)?
-90
(37 + (12 + -11 - 1) - 11) + 3
29
What is -31 + 64 - (85 + 10)?
-62
What is -4021 + 3883 - (-23 - 1)?
-114
Evaluate 265 - 339 - (-92 + 4).
14
Calculate (112 - 114) + (-1 - -98).
95
Calculate 25 + 19 + 0 + -4 + 326 + -344.
22
Evaluate 2 + 106 + (-13 - (11 + -33) - 15) - -9.
111
Evaluate -8 + 1 + (-6 + -1 + 13 - 36).
-37
What is the value of 6 + (45 + -47 + -6 - (24 - 1))?
-25
Calculate 11 + -11 + -9 - (2 + -20) - (52 + 8).
-51
Calculate 167 + -132 - (3 + 1 - (5 + -3 - -11)).
44
What is the value of 3 + -1 + -10 - (-33 + -48 - -26)?
47
What is 0 + 1 + 3 + 12 + -23 - -44?
37
What is -7 - ((1 - (11 - (18 - -2))) + -3)?
-14
Calculate -36 + (-25 - 6 - -34) - -30.
-3
-1 + 14 + 22 + (-4 - (18 - 45)) + -3
55
What is the value of (-13 - (-2 + 1)) + -649 + 662 + (3 - -19)?
23
Evaluate 0 + 24 - (-1 + 12 - 1 - (2826 + -2828)).
12
What is the value of -69 + (0 - 1) - (-18 - -9 - 3 - -14)?
-72
What is 3 + 10 + 32 + -5 + -32?
8
What is the value of 14 - (-17 - (-10 + -47))?
-26
Calculate -16 + -12 + 5 + 8 - -7.
-8
What is -8 - (16 + -3 + 19)?
-40
What is the value of -90 + -5 + 112 + -8?
9
What is the value of (2 + 2 - 23) + (7 + 2 + -5 - -2)?
-13
Evaluate -128 + 255 + -123 + -8.
-4
Evaluate -80 + (6 + -4 + (-8 - -14) - (0 + 2)).
-74
What is the value of 13 - ((-11 - 6) + 9) - (-4 + 2 + -3)?
26
What is -5 + -7 + 19 + (-7 - 4)?
-4
What is the value of 13 + 3 + -4 + (26 - 13 - 38)?
-13
Calculate (-9 - 1) + (12 - 9 - 44 - -11).
-40
Evaluate (6 - 5 - -1) + (1 - (-12 - (13 - 41))).
-13
What is -13 - (-1 + 11 + (-13 - 64))?
54
-342 + 343 + 1 + 3 + -2 + -63
-60
Evaluate (86 - (111 - 26)) + (1 - -24).
26
What is the value of (2 - (-5 - 0)) + (15 + -4 - -3 - 2)?
19
Calculate 36 - (12 - (-9 - -1)).
16
Evaluate -15 + (-116 - ((541 - 551) + (1 - -32))).
-154
Evaluate (1 - 78) + -162 + 67 + 120.
-52
What is -45 + -8 + 22 - (5 - 45)?
9
What is the value of -256 - -245 - (5 - (3 - 23))?
-36
What is (-133 - -100) + (26 - 2) + 2 + -5 + -7?
-19
Calculate -6 + -1 + (104 + -129 - -2).
-30
Calculate 56 - -4 - (6207 - 6154).
7
Evaluate 66 + -6 - ((14 - (26 - 19)) + 3 + -10).
60
(-98 - (-47 - -1)) + 71
19
What is -5 + 27 - (36 - 50 - (2 + -7))?
31
Evaluate -12 - (-72 - -80 - (2 + 68)).
50
Calculate 12 + 10 + 11 + -38 + -11.
-16
-26 - (8 + (-8 - 4) + 6 + (11 - 2))
-37
-34 + (1 - -10 - (-31 + 47))
-39
(126 - (-54 + 5 - 1)) + -20
156
(0 - -2) + 6 + (-304 - -301)
5
What is -301 + 495 + -92 + -20?
82
What is (1 + 0 - 5) + (-31 - -13 - 19)?
-41
Calculate (1 - -6) + (-110 + 42 - (6 + -3 - 1)).
-63
What is the value of (-5 + -8 + (29 - (11 + -4)) - 18) + 9?
0
Evaluate (-5 - -16) + 10 + -1 - 5.
15
What is the value of 29 - (19 - -1) - (-54 - 1)?
64
What is the value of -38 + -1 - (35 - 39)?
-35
Evaluate 0 + -20 + (20 + -21 - -10) + 2.
-9
Calculate (29 + -105 - -32) + 26.
-18
Calculate (-12 + 1 - 3) + 11 + 1 + 59.
57
What is (-86 - (-138 - -61)) + -43?
-52
Evaluate 6 + (-7 - -20) - (2 + 13).
4
(-30 - 9) + 87 + -76
-28
What is (0 - (8 + -6 + -9)) + -15 + (89 - 15)?
66
What is the value of -13 + 11 + -34 - (21 + -57)?
0
Evaluate -1 + -6 + 3 - (-26 + 17 + 14).
-9
Evaluate -17 - ((-14 - 0) + -55 + 37).
15
Evaluate (11 + -9 - 8) + 66 + (10 - 18) - 5.
47
What is 92 + -194 + 8 + -3 + -1?
-98
What is the value of (0 - (11 - 5)) + 15 + -12 + -22 + 13?
-12
Calculate 1 + 1 - (-12 - (22 - 12) - -8).
16
What is the value of -389 - -370 - (-2 - 9) - -20?
12
Calculate 317 + -269 - (-4 - 3 - -12).
43
What is the value of -45 + 1 + 38 + -92 + -19 + 59?
-58
Evaluate -60 + 148 + (-12 - ((-1 - -1) + 2 + -5)).
79
Evaluate 32 + (-23 + (7 - 11) - 1).
4
38 - (0 + -1 - 1 - (-790 - -795))
45
What is -8 - (65 - (-7 - -80))?
0
(-77 + 44 - -26) + -11 - -26
8
-23 + -7 + -9 + 17 + 34
12
What is 5 - ((1 - (0 - 2 - -2)) + (8404 - 8447))?
47
Calculate -105 + 84 + 19 - 5.
-7
What is the value of -33 - (-112 + -6 + 35)?
50
Evaluate (0 - -9) + (-341 + 315 - -65).
48
What is the value of -192 + 125 - (6 + -1 + -4 - (7 + -2))?
-63
-11 + 0 + (-21 - (-79 + -17) - 27)
37
What is 8 + (6 - (2 + -9) - -5) - (3 - 11)?
34
What is -10 + 22 + -7 + -1 + -6?
-2
5 - (70 + -50 + 31)
-46
What is 12 - (-33 + (15 - -19) - (0 + 5))?
16
What is 34 + (26 - (15 - -21)) + -98?
-74
Evaluate 654 + -704 + (-10 - -1).
-59
Evaluate 23 + -47 + 68 + 20 + -1 + 5.
68
What is the value of -31 - (10 - (0 + -7) - (10 + 20))?
-18
Evaluate -18 + (4 - (-121 + 64)).
43
Evaluate -51 + (18 - 17 - 19) - -15.
-54
Calculate -90 + 27 + 4 + 111.
52
What is (-60 - -69 - (2 + 14)) + 19 + -19?
-7
16 - 18 - (-4 - (-10 + 9 + -30))
-29
Calculate -68 + 10 + (17 - 36) - (-1 + -16 - -5).
-65
What is -47 - 1 - (1210 - 1299)?
41
(3 - -6) + -1 + 3 + 11 + -12 + -55
-45
-17 - (-56 + (-20 - -18) + (-2 - -14))
29
Calculate 17 - (6 - (-12 + -61 - -7)).
-55
What is the value of -12 + 31 + 25 + -55?
-11
Calculate 26 + (-69 - (-37 - 29 - -29)).
-6
-5 + -1 + -269 + 300 - -102
127
Calculate 7 - 14 - (75 + -58 + 15).
-39
(-193 - -265) + (-4 - 22) + -14
32
10 + 4 + -48 + (-16 - -31)
-19
What is -14 - -2 - (-6 + -1) - (14 - (-16 - 12))?
-47
What is the value of (-9 - (-36 - 0) - 58) + 99?
68
(-11 - -1 - (2 + -8 + 11)) + 2 + -108
-121
Calculate -19 - -6 - (11 - (8 - -2)).
-14
(-18 - (1 + 1 - -1)) + (5356 - 5361)
-26
70 - (6 + -15 + (7 + 1 - 10) + 5)
76
What is the value of -152 + 48 + -149 + 182?
-71
26 - -15 - (-6 + 30) - (-2 + -15)
34
-62 + 10 + -13 - (12 - 7 - 0)
-70
Evaluate -23 - 10 - (-16 + 7) - -7.
-17
-14 + (22 - -9) - 24 - 8
-15
What is -11 - (-14 - (1 + -21)) - -11?
-6
Calculate 12 + -5 + ((-42 - 5) + 33 - (0 - -25)).
-32
Calculate (46 - -31) + (2 - (-20 + 5 + 7 + 2)).
85
4 + -14 + 35 + -62 - -3
-34
Evaluate -188 - (-52 + -52 + -7).
-77
(11 - (16 - 18 - (13 + -19))) + -141
-134
What is the value of 3 + -17 + 3 + 3 + (-150 - (-35 + 5))?
-128
Calculate 2 - 1 - 19 - (-410 + 270 + 200).
-78
64 + -45 + 4 + -39 + 15
-1
Calculate -46 + 0 + 3 + (51 + -56 - (-8 - -4)).
-44
What is (9 - -67) + -17 + -113?
-54
1 - 12 - (1690 + -1733)
32
Evaluate -92 + (15 - 0 - (28 + (-44 - -29))).
-90
Evaluate -9 + 16 + (5 - 7) - (-1 - -52).
-46
Evaluate 57 + -1 + (-469 -